91 and 138307?
13
What is the highest common divisor of 2601 and 612?
153
What is the highest common divisor of 42 and 188398?
14
What is the greatest common divisor of 119725 and 50?
25
What is the highest common divisor of 177898 and 42182?
1834
What is the greatest common divisor of 366 and 166042?
122
Calculate the greatest common factor of 157576 and 16.
8
What is the greatest common divisor of 1014026 and 258?
86
Calculate the highest common divisor of 1047085 and 4628.
1157
Calculate the highest common divisor of 1294062 and 7.
7
Calculate the greatest common factor of 31 and 646567.
31
What is the highest common divisor of 405 and 1038?
3
Calculate the highest common factor of 445604 and 204.
68
Calculate the highest common factor of 15830 and 40.
10
Calculate the highest common divisor of 37797 and 120423.
879
Calculate the highest common divisor of 7602 and 2982.
42
Calculate the highest common divisor of 4386 and 255.
51
Calculate the highest common divisor of 221 and 130.
13
Calculate the highest common factor of 15124 and 190.
38
What is the greatest common factor of 264 and 3056262?
66
Calculate the highest common factor of 330722 and 56.
14
Calculate the highest common factor of 351 and 100620.
117
What is the highest common divisor of 4052 and 1064663?
1013
Calculate the highest common factor of 344998 and 730.
146
Calculate the highest common divisor of 26 and 74750.
26
What is the highest common factor of 906 and 30049?
151
Calculate the highest common factor of 48584 and 16.
8
What is the highest common factor of 42 and 223874?
14
What is the greatest common factor of 23425 and 3?
1
What is the highest common factor of 44415 and 223062?
987
Calculate the greatest common factor of 11 and 30822.
11
Calculate the greatest common divisor of 470 and 395035.
235
Calculate the highest common factor of 80 and 334520.
40
Calculate the highest common factor of 1053 and 22698.
117
Calculate the highest common divisor of 1566 and 23598.
54
What is the greatest common factor of 62699 and 1911?
91
What is the highest common divisor of 47424 and 3939?
39
What is the highest common factor of 272 and 3072274?
34
What is the greatest common divisor of 798 and 1260840?
798
Calculate the highest common factor of 24 and 12472.
8
What is the highest common factor of 289978 and 1482?
494
What is the highest common factor of 1296 and 7734?
6
Calculate the greatest common divisor of 270 and 12273390.
270
Calculate the greatest common factor of 4982 and 1504.
94
Calculate the highest common divisor of 1944 and 201096.
216
What is the greatest common divisor of 12805 and 55?
5
What is the greatest common factor of 154 and 49?
7
Calculate the greatest common divisor of 68096 and 2926.
266
Calculate the highest common divisor of 64 and 957248.
64
Calculate the greatest common divisor of 3340 and 15360.
20
Calculate the greatest common factor of 180 and 4699980.
180
What is the greatest common divisor of 30012 and 13908?
732
Calculate the greatest common factor of 70615 and 14935.
145
What is the highest common factor of 3828 and 2904?
132
Calculate the greatest common factor of 67416 and 31164.
636
Calculate the greatest common divisor of 33670 and 113750.
910
Calculate the highest common divisor of 87 and 1731.
3
What is the highest common factor of 21 and 54?
3
Calculate the greatest common divisor of 76010 and 1265.
55
Calculate the greatest common factor of 1615 and 43282.
323
Calculate the greatest common factor of 66885 and 40.
5
What is the greatest common divisor of 14058 and 72?
18
Calculate the greatest common divisor of 89504 and 64.
32
What is the highest common divisor of 5828 and 33276?
188
What is the greatest common divisor of 84 and 114?
6
Calculate the greatest common divisor of 1700 and 3536.
68
What is the highest common factor of 12000 and 2864?
16
What is the greatest common divisor of 6034 and 45906?
14
Calculate the greatest common factor of 239717 and 236.
59
What is the highest common divisor of 544 and 4913?
17
Calculate the highest common divisor of 9681192 and 1908.
1908
Calculate the highest common divisor of 9168 and 62266.
382
What is the greatest common factor of 3771 and 1551138?
1257
Calculate the highest common divisor of 529874 and 46.
46
Calculate the greatest common divisor of 2760 and 207.
69
What is the highest common factor of 18 and 37287?
9
What is the highest common divisor of 3705 and 13015?
95
What is the greatest common factor of 693 and 3850?
77
What is the highest common divisor of 11368 and 2793?
49
What is the highest common divisor of 15328 and 1888?
32
What is the highest common divisor of 306839 and 13?
13
Calculate the highest common factor of 618 and 3251298.
618
Calculate the greatest common divisor of 7290 and 20460.
30
What is the greatest common factor of 17782 and 8364?
34
Calculate the highest common divisor of 940 and 1529380.
940
What is the highest common divisor of 256 and 5456?
16
Calculate the greatest common factor of 4426968 and 364.
364
Calculate the highest common factor of 27022 and 944.
118
What is the highest common divisor of 1012 and 31196?
44
Calculate the greatest common factor of 293653 and 103.
103
What is the greatest common factor of 11508 and 3486?
42
What is the highest common factor of 79 and 298541?
79
What is the greatest common factor of 109381 and 445?
89
What is the greatest common divisor of 5646 and 74?
2
What is the highest common factor of 3955 and 10?
5
Calculate the highest common factor of 744 and 72664.
248
Calculate the greatest common factor of 22 and 65109.
11
What is the greatest common factor of 3914 and 9234?
38
Calculate the highest common divisor of 4080 and 27480.
120
Calculate the highest common factor of 15 and 6696000.
15
What is the greatest common divisor of 326 and 14229574?
326
Calculate the highest common factor of 20145 and 83130.
255
Calculate the greatest common divisor of 219708 and 3060.
612
Calculate the highest common factor of 18025 and 11227.
103
Calculate the highest common factor of 533 and 208.
13
Calculate the highest common factor of 184 and 1222174.
46
Calculate the highest common divisor of 53486 and 282.
94
What is the highest common divisor of 354 and 13334?
118
Calculate the greatest common factor of 2080 and 2880.
160
Calculate the highest common factor of 10740 and 90.
30
What is the highest common divisor of 1470 and 20489?
7
Calculate the greatest common divisor of 6858513 and 81.
81
Calculate the highest common divisor of 45 and 203715.
45
Calculate the greatest common factor of 32686 and 1298.
118
Calculate the highest common divisor of 12124 and 616.
28
What is the greatest common factor of 1368 and 192744?
72
What is the greatest common divisor of 42 and 1852242?
42
What is the greatest common divisor of 88930 and 10?
10
Calculate the greatest common factor of 126 and 688338.
126
What is the greatest common factor of 2275 and 65000?
325
Calculate the greatest common divisor of 746087 and 83.
83
What is the highest common divisor of 3322 and 46?
2
Calculate the greatest common factor of 16 and 4579.
1
Calculate the highest common divisor of 12 and 746796.
12
What is the greatest common factor of 1504 and 5294832?
752
Calculate the greatest common divisor of 2618 and 33286.
374
Calculate the highest common factor of 19703 and 57.
19
What is the highest common divisor of 1457 and 153016?
31
What is the greatest common factor of 32 and 4567648?
32
Calculate the highest common factor of 1258 and 13098.
74
What is the greatest common divisor of 319596 and 12?
12
Calculate the highest common divisor of 162 and 88047.
81
What is the highest common factor of 520 and 915590?
130
What is the greatest common divisor of 138 and 613709?
23
Calculate the greatest common factor of 574 and 6970.
82
What is the greatest common divisor of 190 and 1231162?
38
What is the highest common divisor of 312539 and 74?
37
What is the highest common factor of 793 and 16409?
61
What is the greatest common factor of 49716 and 1098?
18
Calculate the highest common factor of 18320 and 5440.
80
Calculate the highest common factor of 222 and 109002.
222
Calculate the highest common divisor of 1876554 and 171.
171
What is the greatest common 